i(x) = 1. Let b(j) = i(j) - p(j). Suppose -2 = 2*l, v = -2*v - 4*l - 22. Give b(v).
3
Let g(v) be the second derivative of -v**3/6 - v**2/2 + 5*v. Suppose -3*i + 3*c + 21 = 0, -i - 2*i + 14 = 4*c. Let w = i - 8. Determine g(w).
1
Let i(w) = -w**2 - 2 + 6*w**2 - 15 - 3*w**2 + 10*w - 3*w**2. Determine i(8).
-1
Let o(b) be the first derivative of -b**4/4 + 5*b**3/3 + b**2 - 5*b - 331. Calculate o(5).
5
Let b(h) = 173 - 179 + h - 4. Give b(7).
-3
Let c(v) = v**2 - 17*v - 38. Suppose 45*l - 1007 = -8*l. Give c(l).
0
Let u(j) = 10*j - 1. Suppose 52*q = 10 + 94. Give u(q).
19
Let r be (-10 - 25)*4/(-10). Let t(m) = -m**2 + 12*m + 29. Let u be t(r). Let o(d) = 3*d. Give o(u).
3
Suppose 3 = -2*g - 1. Let f(l) = l**3 - 2*l**2 + l. Let d(n) = -5*n**3 + 11*n**2 - 6*n + 1. Let o = 8 - 6. Let v(b) = o*d(b) + 11*f(b). Give v(g).
-4
Let o(t) = -t**3 - 4*t**2 - 2*t - 5. Let c(z) be the first derivative of -z**4/2 - 8*z**3/3 - 3*z**2/2 - 9*z - 37. Let k(p) = -3*c(p) + 5*o(p). What is k(-4)?
6
Suppose -462 = -4*z - 3*z. Let j(w) = -63*w. Let y(g) = 4*g. Let r(f) = z*y(f) + 4*j(f). Give r(-1).
-12
Let z(v) = v**2 - v. Let o be z(1). Let k(f) be the second derivative of -f**5/20 + f**4/12 + f**3/6 - 5*f**2/2 - 458*f. Determine k(o).
-5
Let j = 33 + -31. Suppose i - j = 3*v - i, v - 14 = -3*i. Let s(p) = p + v*p - 5*p. What is s(2)?
-4
Let y(a) = a**3 + 7*a**2 + 6*a + 5. Suppose 2*x = s + 14, 4*s + 21*x - 17*x + 8 = 0. Calculate y(s).
5
Let u(c) be the third derivative of 0*c**3 + 0*c + 0 + 7/24*c**4 - 2*c**2 + 1/720*c**6 + 1/60*c**5. Let a(d) be the second derivative of u(d). What is a(0)?
2
Let m(r) = 2*r**3 - 6*r**2 + r - 19. Let t(b) = 3*b**3 - 6*b**2 - 20. Let y(x) = -4*m(x) + 3*t(x). Calculate y(-7).
-5
Let x(a) = -a**2 + 4*a + 2. Let f = 174 - 165. What is x(f)?
-43
Let r(j) = -3*j - 17. Let h(l) be the first derivative of -5*l**2/2 - 17*l + 28. Let f(x) = 2*h(x) - 3*r(x). Give f(13).
4
Let h(n) = 2*n - 34. Let k be h(8). Let u = k - -26. Let s(g) = g**2 - 7*g - 10. Give s(u).
-2
Suppose 4*q + 3*b - 11 = 0, -2*b + 0*b + 4 = q. Let d(u) = 375*u - 368*u + 4*u**2 - q - 5*u**2. What is d(5)?
8
Suppose 10 = 3*h - 5*g, 5*h + 0*g = 4*g + 21. Let v(c) = c**3 + 2*c**2 + 2*c. Let w(i) = 3*i**3 + 3*i**2 + 3*i. Let k(q) = -5*v(q) + 2*w(q). Determine k(h).
5
Let r(n) = -n - 5. Let g(q) = -2*q + 7. Let i be g(5). Let l(x) = x + 9. Let t be l(i). Calculate r(t).
-11
Suppose -653 = 3*z - 659. Let u(w) be the first derivative of 7/2*w**z - 7 + w. Determine u(-1).
-6
Suppose n - 38 = -5*z + 5*n, -4 = -2*z - 4*n. Let o(q) = q**2 - 12*q + 7. Give o(z).
-29
Suppose 10 = 5*o + 3*r - 29, 24 = 3*o + 2*r. Let s(h) = h + 1. Let a(j) = 1. Let l(c) = o*s(c) - 7*a(c). Determine l(1).
5
Let t(q) = -13*q + 0*q + q - q**2 + 7*q. Suppose 2 = -3*p + 2*p + 4*g, 0 = 2*p + 4*g + 4. Let n = -3 + p. Give t(n).
0
Let i(r) = 2*r - 8. Let t be i(5). Let c(h) = -t*h - 1 - 3*h**2 + 0*h**2 + 0*h**2 + 0*h**2. Let a be c(-1). Let d(g) = 2*g**3 + 1. Give d(a).
-15
Let s(i) be the third derivative of i**4/8 + 3*i**3/2 - 362*i**2. Determine s(-2).
3
Let i(d) = -d**2 - 24*d - 12. Let w(q) = -2*q**2 - 42*q - 23. Let r(f) = 5*i(f) - 3*w(f). Give r(-4).
1
Let b(c) = -c**2 + 5*c + 70. Let y be b(11). Let i(a) = -2*a**2 + 5*a + 1. Give i(y).
-11
Let p(u) = -2*u**2 + u + 3. Let h be 4 - 17/((-170)/(-60)). Give p(h).
-7
Let d(m) be the first derivative of -m**4/4 + 3*m**3 - 5*m**2 - 3*m + 351. What is d(7)?
25
Let f(g) = 12*g. Let i(v) = -25*v - 3. Let q(b) = 6*f(b) + 3*i(b). Let a = -11 - -5. Give q(a).
9
Let k = 33 - 34. Let m be -4 + 42/7 + 3*k. Let z(x) = -x**3 - x**2 - x - 1. Determine z(m).
0
Let q(d) be the second derivative of 3*d**2 + 1/3*d**3 - 2*d + 1/2*d**4 + 1/20*d**5 + 0. Suppose 16 = 10*b + 76. Give q(b).
-6
Let i(j) = -27*j + 57. Let t(h) = -7*h + 14. Let g(x) = -4*i(x) + 15*t(x). Let c be g(6). Let f(u) = u - 7. Calculate f(c).
-7
Suppose 0 = -2*u - 3*l - 6, 0*u + u + 1 = -l. Suppose -u*y - m + 28 = -y, -28 = -2*y + 2*m. Let x = -13 + y. Let a(f) = 8*f**2 + f. Give a(x).
9
Let u(g) = -g - 11. Let l(a) = a + 8. Let w(f) = -7*l(f) - 5*u(f). Let q(r) = -r + 3. Let y be q(4). Let s be w(y). Let o(k) = -9*k + 1. What is o(s)?
-8
Let f(g) be the second derivative of g**6/240 + g**5/120 + g**4/6 + 4*g. Let o(x) be the third derivative of f(x). Let s be 0*1/2 - 1. Determine o(s).
-2
Let d(f) = 3*f + 1. Let i(k) = -2*k - 28. Let o be i(0). Let u be (-3)/7 - o/(-49). Determine d(u).
-2
Let s(r) be the second derivative of r**5/20 + r**4/3 - r**3/2 - r**2 + 12*r. Suppose m + 52 = 5*m. Let b = 9 - m. Calculate s(b).
10
Let y(f) = f. Suppose -5*c + 17 = -c - 5*v, 0 = c - v - 3. Let j be y(c). Let a(g) = -2*g**3 - g**2 + 3*g + 1. What is a(j)?
7
Suppose v - 7 = -1. Let y(d) = -17*d + v*d + 13*d + 13. Determine y(-9).
-5
Let w(b) be the first derivative of -1/120*b**5 + 1/45*b**6 + 0*b**2 - 3 + 0*b + 0*b**4 + 1/3*b**3. Let z(s) be the third derivative of w(s). What is z(-1)?
9
Let n(b) = -b + 2. Suppose -8*h + 26 + 14 = 0. Suppose -5*k + 3*k + 4*w = 4, h*w = 3*k + 8. Calculate n(k).
8
Let p(d) = 3*d + 19. Let w be p(-8). Let m(x) = 2*x**2 - 5*x + 3. Let f(c) = c**2 - 3*c + 2. Let t(r) = -11*f(r) + 6*m(r). Give t(w).
6
Suppose -70*k + 6 = -67*k. Let z(g) = -5 - 3*g**k + 2*g**2 + 1. Give z(-3).
-13
Suppose -2*k + z = 18, 8*k - 3*z + 35 = -35. Let b(c) = -c + 3. Calculate b(k).
11
Let t(v) = v**2 + 8*v - 10. Let k(c) = -9*c**2 - 17*c + 17. Let g be k(1). Determine t(g).
-1
Let z(f) = -8*f**3 + 2*f - 2. Let n(u) = -u**3 - 1. Let v = 15 - 18. Let s(y) = v*n(y) + z(y). Calculate s(-1).
4
Let m be 0/2*(-4)/8. Let p(y) = -5*y**2 + 7*y + 9. Let c be -2 - -1 - (-48)/24. Let v(a) = a**2 - a. Let s(b) = c*p(b) + 6*v(b). Calculate s(m).
9
Let o(u) = u**3 + 5*u**2 - 2*u - 1. Let d = 14 + -12. Suppose 3*f - 10 = -5*n, -d*f + 2*n = 5 + 15. What is o(f)?
9
Let u(p) be the third derivative of 1/60*p**5 + 1/6*p**3 + 9*p**2 - 1/12*p**6 - 1/24*p**4 + 0 + 0*p. What is u(1)?
-9
Let g(d) = d**2 - 4*d + 12. Let b be g(10). Suppose 4*l = 5*m - b, l - 19 = -2*m + 15. Let t be (-2)/(-16) + (-2)/m. Let w(a) = a + 3. Give w(t).
3
Let b(f) = -f + 4. Let u be b(5). Let o be ((-4)/(-12))/(u/(-3)). Let h(w) = 187*w**2 + 184*w**2 - 376*w**2. What is h(o)?
-5
Let m = -6 + 7. Let o be (1 - 16/2) + m. Let r(q) = -13*q - 13. Let d(n) = -3*n - 3. Let z(h) = -9*d(h) + 2*r(h). What is z(o)?
-5
Let g(w) = -7*w - 7*w**2 + w**3 - 4*w + 9*w - 6 + 2*w. Determine g(7).
-6
Let l(y) be the second derivative of 36*y + 0*y**2 - 2/3*y**3 + 0. Give l(-1).
4
Let w = -3 - -7. Let b(c) = 3*c**3 - 20*c**2 - 3*c - 3. Let p = 27 + -32. Let k(d) = 2*d**3 - 13*d**2 - 2*d - 2. Let s(o) = p*b(o) + 8*k(o). What is s(w)?
-5
Let j(z) = z - 4. Let s = -172 + 182. What is j(s)?
6
Let b(f) be the third derivative of -f**4/24 + 8*f**3/3 + 22*f**2. Calculate b(9).
7
Let a(y) = y**3 + 10*y**2 + 22*y - 10. Let z be a(-7). Let n(f) = f**3 + 17*f**2 + f + 18. What is n(z)?
1
Let k(x) = 0*x - 10*x - x**2 - 2 - 5*x + 16*x + 4. Give k(-5).
-28
Let w(c) = -3*c**2 + 3*c + 2. Let k(d) = -d**2 + 2*d + 102. Let f be k(-9). Calculate w(f).
-16
Let x = 19/84 - 1/7. Let j(z) be the third derivative of x*z**4 + 0*z + 0 - 1/3*z**3 + z**2. Give j(4).
6
Let c = 17 - 14. Suppose 0 = 2*k - c*k + 3. Let y(m) = -m**2 + m - 4. Give y(k).
-10
Let m(n) = -n + 16. Suppose 5*h = a + 29 + 23, 3*h = -5*a + 48. What is m(h)?
5
Let k(q) be the third derivative of q**5/60 + 5*q**4/24 - q**3/2 + 9*q**2 - q. What is k(-4)?
-7
Let m = 1 + -2. Let n(y) = 19*y**3 - 8*y**2 + 3*y + 7. Let o(g) = 39*g**3 - 18*g**2 + 7*g + 16. Let a(h) = 9*n(h) - 4*o(h). Determine a(m).
-15
Let y be 4*(219/36 + -6). Let q(s) be the second derivative of y*s**3 + 0 + 3*s + 2*s**2. Give q(-6).
-8
Suppose -2*u + 8 = -0, 5*m + 2*u = -142. Let l = 28 + m. Let o(g) be the second derivative of -g**5/20 - g**4/3 - g**3/6 + g**2/2 - 2*g. Calculate o(l).
-5
Let h(z) = -z**2 + 5*z + 5. Let o be ((-40)/(-30))/((-4)/(-18)). Calculate h(o).
-1
Let y(p) = -8*p + 66. Let h be y(8). Let g(u) be the third derivative of -u**h + 0*u + 1/24*u**4 + 0 - 2/3*u**3. What is g(6)?
2
Let x(s) = -s**3 - s**2 - s. Let f(q) = 3*q**3 + 6*q**2 + 2*q - 1. Let g(v) = -f(v) - 4*x(v). What is g(2)?
5
Let s(k) = -6*k - 4. Suppose 9*n + 24 - 69 = 0. Calculate s(n).
-34
Let a(